{"id":1812,"date":"2021-06-22T11:34:03","date_gmt":"2021-06-22T10:34:03","guid":{"rendered":"https:\/\/www.cartuxa.pt\/?page_id=1812"},"modified":"2026-02-02T16:23:08","modified_gmt":"2026-02-02T16:23:08","slug":"pera-manca-red-doc-alentejo","status":"publish","type":"page","link":"https:\/\/www.cartuxa.pt\/en\/wine-portfolio\/pera-manca-red-doc-alentejo\/","title":{"rendered":"P\u00eara-Manca red 2015, DOC Alentejo"},"content":{"rendered":"<div class=\"wpb-content-wrapper\"><p>[vc_row css_animation=&#8221;&#8221; row_type=&#8221;row&#8221; use_row_as_full_screen_section=&#8221;no&#8221; type=&#8221;grid&#8221; angled_section=&#8221;no&#8221; text_align=&#8221;left&#8221; background_image_as_pattern=&#8221;without_pattern&#8221; z_index=&#8221;&#8221; el_class=&#8221;height-half-diferent-colors&#8221; padding_top=&#8221;50&#8243; padding_bottom=&#8221;50&#8243;][vc_column width=&#8221;1\/2&#8243; css=&#8221;.vc_custom_1618824631864{margin-bottom: 50px !important;border-left-width: 8px !important;padding-top: 0px !important;border-left-color: #e21a22 !important;}&#8221; el_class=&#8221;portfolio-page-box-left&#8221;][vc_row_inner row_type=&#8221;row&#8221; type=&#8221;full_width&#8221; text_align=&#8221;left&#8221; css_animation=&#8221;&#8221; el_class=&#8221;z-index-10&#8243;][vc_column_inner css=&#8221;.vc_custom_1618482532959{padding-left: 8px !important;}&#8221;][vc_column_text el_class=&#8221;portfolio-product-name&#8221; css=&#8221;.vc_custom_1761570465435{padding-left: 15px !important;}&#8221;]<\/p>\n<h3>P\u00eara-Manca red 2019<\/h3>\n<h5>DOC Alentejo \u2013 \u00c9vora<\/h5>\n<p>[\/vc_column_text][\/vc_column_inner][\/vc_row_inner][vc_row_inner row_type=&#8221;row&#8221; type=&#8221;full_width&#8221; text_align=&#8221;left&#8221; css_animation=&#8221;&#8221; el_class=&#8221;portfolio-left-border-e21a22&#8243; css=&#8221;.vc_custom_1618482154464{margin-top: -2px !important;}&#8221;][vc_column_inner][vc_column_text el_class=&#8221;portfolio-page-box-left-description&#8221;]P\u00eara-Manca is the brand that Funda\u00e7\u00e3o Eug\u00e9nio de Almeida uses for its exceptional wines.<br \/>\nThis wine is produced from the Trincadeira and Aragonez varieties, being full-bodied, complex and elegant, with an aroma of raisins of fruits and essences of the aging woods. Due to the high quality of the tannins and woods used, these are wines that have great longevity, requiring some time to reveal their full potential.<br \/>\nIt was produced for the first time, by the Eug\u00e9nio de Almeida Foundation, in 1990.[\/vc_column_text][\/vc_column_inner][\/vc_row_inner][vc_row_inner row_type=&#8221;row&#8221; type=&#8221;full_width&#8221; text_align=&#8221;left&#8221; css_animation=&#8221;&#8221; el_class=&#8221;portfolio-letter-divider letter-divider-p&#8221;][vc_column_inner][\/vc_column_inner][\/vc_row_inner][vc_row_inner row_type=&#8221;row&#8221; type=&#8221;full_width&#8221; text_align=&#8221;left&#8221; css_animation=&#8221;&#8221; padding_bottom=&#8221;50&#8243; el_class=&#8221;portfolio-left-border-e21a22&#8243; padding_top=&#8221;50&#8243;][vc_column_inner]<div class=\"qode-accordion-holder clearfix qode-toggle qode-initial \">\n\t<h4 class=\"clearfix qode-title-holder\">\n<span class=\"qode-tab-title\">\n\t    <span class=\"qode-tab-title-inner\">\n        Technical sheet    <\/span>\n<\/span>\n<span class=\"qode-accordion-mark\">\n    <span class=\"qode-accordion-mark-icon\">\n        <span class=\"icon_plus\"><\/span>\n        <span class=\"icon_minus-06\"><\/span>\n    <\/span>\n<\/span>\n<\/h4>\n<div  class=\"qode-accordion-content \" >\n    <div class=\"qode-accordion-content-inner\">\n        [vc_column_text]<em><a href=\"https:\/\/www.cartuxa.pt\/wp-content\/uploads\/Pera-Manca-Red-2019.pdf\" target=\"_blank\" rel=\"noopener\">Open technical sheet<\/a><\/em>[\/vc_column_text]    <\/div>\n<\/div><\/div>[\/vc_column_inner][\/vc_row_inner][vc_row_inner row_type=&#8221;row&#8221; type=&#8221;full_width&#8221; text_align=&#8221;left&#8221; css_animation=&#8221;&#8221; el_class=&#8221;portfolio-left-border-e21a22 hide-this&#8221;][vc_column_inner]<a  itemprop=\"url\" href=\"#\" target=\"_self\"  class=\"qbutton  default\" style=\"\">COMPRAR<\/a>[\/vc_column_inner][\/vc_row_inner][vc_row_inner row_type=&#8221;row&#8221; type=&#8221;full_width&#8221; text_align=&#8221;left&#8221; css_animation=&#8221;&#8221; el_class=&#8221;portfolio-left-border-e21a22&#8243;][vc_column_inner][vc_column_text el_class=&#8221;portfolio-btn-back&#8221;]<a href=\"https:\/\/www.cartuxa.pt\/en\/wine-portfolio\/#vinho-pera-manca\">Back <i class=\"qode_icon_font_awesome fa fa-angle-left qode_icon_element\"><\/i><\/a>[\/vc_column_text][\/vc_column_inner][\/vc_row_inner][\/vc_column][vc_column width=&#8221;1\/2&#8243; el_class=&#8221;portfolio-page-box-right&#8221;][vc_row_inner row_type=&#8221;row&#8221; type=&#8221;full_width&#8221; text_align=&#8221;left&#8221; css_animation=&#8221;&#8221;][vc_column_inner][vc_column_text css=&#8221;.vc_custom_1634651401307{padding-bottom: 25px !important;}&#8221;]<\/p>\n<h2>Portfolio<\/h2>\n<p>[\/vc_column_text][\/vc_column_inner][\/vc_row_inner][vc_row_inner row_type=&#8221;row&#8221; type=&#8221;full_width&#8221; text_align=&#8221;left&#8221; css_animation=&#8221;&#8221;][vc_column_inner][vc_gallery type=&#8221;flexslider_slide&#8221; interval=&#8221;0&#8243; images=&#8221;8782&#8243; img_size=&#8221;full&#8221; onclick=&#8221;&#8221; direction_nav=&#8221;yes&#8221; control_nav=&#8221;yes&#8221; show_image_description=&#8221;yes&#8221; frame=&#8221;no&#8221; css=&#8221;.vc_custom_1761570479595{border-bottom-width: 8px !important;border-bottom-color: #e21a22 !important;border-bottom-style: solid !important;}&#8221;][\/vc_column_inner][\/vc_row_inner][\/vc_column][\/vc_row]<\/p>\n<\/div>","protected":false},"excerpt":{"rendered":"<p>[vc_row css_animation=&#8221;&#8221; row_type=&#8221;row&#8221; use_row_as_full_screen_section=&#8221;no&#8221; type=&#8221;grid&#8221; angled_section=&#8221;no&#8221; text_align=&#8221;left&#8221; background_image_as_pattern=&#8221;without_pattern&#8221; z_index=&#8221;&#8221; el_class=&#8221;height-half-diferent-colors&#8221; padding_top=&#8221;50&#8243; padding_bottom=&#8221;50&#8243;][vc_column width=&#8221;1\/2&#8243; css=&#8221;.vc_custom_1618824631864{margin-bottom: 50px !important;border-left-width: 8px !important;padding-top: 0px !important;border-left-color: #e21a22 !important;}&#8221; el_class=&#8221;portfolio-page-box-left&#8221;][vc_row_inner row_type=&#8221;row&#8221; type=&#8221;full_width&#8221; text_align=&#8221;left&#8221; css_animation=&#8221;&#8221; el_class=&#8221;z-index-10&#8243;][vc_column_inner css=&#8221;.vc_custom_1618482532959{padding-left: 8px !important;}&#8221;][vc_column_text el_class=&#8221;portfolio-product-name&#8221; css=&#8221;.vc_custom_1761570465435{padding-left: 15px !important;}&#8221;] P\u00eara-Manca red 2019 DOC Alentejo \u2013 \u00c9vora [\/vc_column_text][\/vc_column_inner][\/vc_row_inner][vc_row_inner row_type=&#8221;row&#8221; type=&#8221;full_width&#8221;&#8230;<\/p>\n","protected":false},"author":1,"featured_media":0,"parent":871,"menu_order":44,"comment_status":"closed","ping_status":"closed","template":"full_width.php","meta":{"inline_featured_image":false,"footnotes":"","_links_to":"","_links_to_target":""},"class_list":["post-1812","page","type-page","status-publish","hentry"],"_links":{"self":[{"href":"https:\/\/www.cartuxa.pt\/en\/wp-json\/wp\/v2\/pages\/1812","targetHints":{"allow":["GET"]}}],"collection":[{"href":"https:\/\/www.cartuxa.pt\/en\/wp-json\/wp\/v2\/pages"}],"about":[{"href":"https:\/\/www.cartuxa.pt\/en\/wp-json\/wp\/v2\/types\/page"}],"author":[{"embeddable":true,"href":"https:\/\/www.cartuxa.pt\/en\/wp-json\/wp\/v2\/users\/1"}],"replies":[{"embeddable":true,"href":"https:\/\/www.cartuxa.pt\/en\/wp-json\/wp\/v2\/comments?post=1812"}],"version-history":[{"count":3,"href":"https:\/\/www.cartuxa.pt\/en\/wp-json\/wp\/v2\/pages\/1812\/revisions"}],"predecessor-version":[{"id":9507,"href":"https:\/\/www.cartuxa.pt\/en\/wp-json\/wp\/v2\/pages\/1812\/revisions\/9507"}],"up":[{"embeddable":true,"href":"https:\/\/www.cartuxa.pt\/en\/wp-json\/wp\/v2\/pages\/871"}],"wp:attachment":[{"href":"https:\/\/www.cartuxa.pt\/en\/wp-json\/wp\/v2\/media?parent=1812"}],"curies":[{"name":"wp","href":"https:\/\/api.w.org\/{rel}","templated":true}]}}

Pêra-Manca red 2015, DOC Alentejo

<div class="wpb-content-wrapper"><p>[vc_row css_animation=&#8221;&#8221; row_type=&#8221;row&#8221; use_row_as_full_screen_section=&#8221;no&#8221; type=&#8221;grid&#8221; angled_section=&#8221;no&#8221; text_align=&#8221;left&#8221; background_image_as_pattern=&#8221;without_pattern&#8221; z_index=&#8221;&#8221; el_class=&#8221;height-half-diferent-colors&#8221; padding_top=&#8221;50&#8243; padding_bottom=&#8221;50&#8243;][vc_column width=&#8221;1/2&#8243; css=&#8221;.vc_custom_1618824631864{margin-bottom: 50px !important;border-left-width: 8px !important;padding-top: 0px !important;border-left-color: #e21a22 !important;}&#8221; el_class=&#8221;portfolio-page-box-left&#8221;][vc_row_inner row_type=&#8221;row&#8221; type=&#8221;full_width&#8221; text_align=&#8221;left&#8221; css_animation=&#8221;&#8221; el_class=&#8221;z-index-10&#8243;][vc_column_inner css=&#8221;.vc_custom_1618482532959{padding-left: 8px !important;}&#8221;][vc_column_text el_class=&#8221;portfolio-product-name&#8221; css=&#8221;.vc_custom_1761570465435{padding-left: 15px !important;}&#8221;]</p>
<h3>Pêra-Manca red 2019</h3>
<h5>DOC Alentejo – Évora</h5>
<p>[/vc_column_text][/vc_column_inner][/vc_row_inner][vc_row_inner row_type=&#8221;row&#8221; type=&#8221;full_width&#8221; text_align=&#8221;left&#8221; css_animation=&#8221;&#8221; el_class=&#8221;portfolio-left-border-e21a22&#8243; css=&#8221;.vc_custom_1618482154464{margin-top: -2px !important;}&#8221;][vc_column_inner][vc_column_text el_class=&#8221;portfolio-page-box-left-description&#8221;]Pêra-Manca is the brand that Fundação Eugénio de Almeida uses for its exceptional wines.<br />
This wine is produced from the Trincadeira and Aragonez varieties, being full-bodied, complex and elegant, with an aroma of raisins of fruits and essences of the aging woods. Due to the high quality of the tannins and woods used, these are wines that have great longevity, requiring some time to reveal their full potential.<br />
It was produced for the first time, by the Eugénio de Almeida Foundation, in 1990.[/vc_column_text][/vc_column_inner][/vc_row_inner][vc_row_inner row_type=&#8221;row&#8221; type=&#8221;full_width&#8221; text_align=&#8221;left&#8221; css_animation=&#8221;&#8221; el_class=&#8221;portfolio-letter-divider letter-divider-p&#8221;][vc_column_inner][/vc_column_inner][/vc_row_inner][vc_row_inner row_type=&#8221;row&#8221; type=&#8221;full_width&#8221; text_align=&#8221;left&#8221; css_animation=&#8221;&#8221; padding_bottom=&#8221;50&#8243; el_class=&#8221;portfolio-left-border-e21a22&#8243; padding_top=&#8221;50&#8243;][vc_column_inner]<div class="qode-accordion-holder clearfix qode-toggle qode-initial ">
	<h4 class="clearfix qode-title-holder">
<span class="qode-tab-title">
	    <span class="qode-tab-title-inner">
        Technical sheet    </span>
</span>
<span class="qode-accordion-mark">
    <span class="qode-accordion-mark-icon">
        <span class="icon_plus"></span>
        <span class="icon_minus-06"></span>
    </span>
</span>
</h4>
<div  class="qode-accordion-content " >
    <div class="qode-accordion-content-inner">
        [vc_column_text]<em><a href="https://www.cartuxa.pt/wp-content/uploads/Pera-Manca-Red-2019.pdf" target="_blank" rel="noopener">Open technical sheet</a></em>[/vc_column_text]    </div>
</div></div>[/vc_column_inner][/vc_row_inner][vc_row_inner row_type=&#8221;row&#8221; type=&#8221;full_width&#8221; text_align=&#8221;left&#8221; css_animation=&#8221;&#8221; el_class=&#8221;portfolio-left-border-e21a22 hide-this&#8221;][vc_column_inner]<a  itemprop="url" href="#" target="_self"  class="qbutton  default" style="">COMPRAR</a>[/vc_column_inner][/vc_row_inner][vc_row_inner row_type=&#8221;row&#8221; type=&#8221;full_width&#8221; text_align=&#8221;left&#8221; css_animation=&#8221;&#8221; el_class=&#8221;portfolio-left-border-e21a22&#8243;][vc_column_inner][vc_column_text el_class=&#8221;portfolio-btn-back&#8221;]<a href="https://www.cartuxa.pt/en/wine-portfolio/#vinho-pera-manca">Back <i class="qode_icon_font_awesome fa fa-angle-left qode_icon_element"></i></a>[/vc_column_text][/vc_column_inner][/vc_row_inner][/vc_column][vc_column width=&#8221;1/2&#8243; el_class=&#8221;portfolio-page-box-right&#8221;][vc_row_inner row_type=&#8221;row&#8221; type=&#8221;full_width&#8221; text_align=&#8221;left&#8221; css_animation=&#8221;&#8221;][vc_column_inner][vc_column_text css=&#8221;.vc_custom_1634651401307{padding-bottom: 25px !important;}&#8221;]</p>
<h2>Portfolio</h2>
<p>[/vc_column_text][/vc_column_inner][/vc_row_inner][vc_row_inner row_type=&#8221;row&#8221; type=&#8221;full_width&#8221; text_align=&#8221;left&#8221; css_animation=&#8221;&#8221;][vc_column_inner][vc_gallery type=&#8221;flexslider_slide&#8221; interval=&#8221;0&#8243; images=&#8221;8782&#8243; img_size=&#8221;full&#8221; onclick=&#8221;&#8221; direction_nav=&#8221;yes&#8221; control_nav=&#8221;yes&#8221; show_image_description=&#8221;yes&#8221; frame=&#8221;no&#8221; css=&#8221;.vc_custom_1761570479595{border-bottom-width: 8px !important;border-bottom-color: #e21a22 !important;border-bottom-style: solid !important;}&#8221;][/vc_column_inner][/vc_row_inner][/vc_column][/vc_row]</p>
</div>

<p>[vc_row css_animation=&#8221;&#8221; row_type=&#8221;row&#8221; use_row_as_full_screen_section=&#8221;no&#8221; type=&#8221;grid&#8221; angled_section=&#8221;no&#8221; text_align=&#8221;left&#8221; background_image_as_pattern=&#8221;without_pattern&#8221; z_index=&#8221;&#8221; el_class=&#8221;height-half-diferent-colors&#8221; padding_top=&#8221;50&#8243; padding_bottom=&#8221;50&#8243;][vc_column width=&#8221;1/2&#8243; css=&#8221;.vc_custom_1618824631864{margin-bottom: 50px !important;border-left-width: 8px !important;padding-top: 0px !important;border-left-color: #e21a22 !important;}&#8221; el_class=&#8221;portfolio-page-box-left&#8221;][vc_row_inner row_type=&#8221;row&#8221; type=&#8221;full_width&#8221; text_align=&#8221;left&#8221; css_animation=&#8221;&#8221; el_class=&#8221;z-index-10&#8243;][vc_column_inner css=&#8221;.vc_custom_1618482532959{padding-left: 8px !important;}&#8221;][vc_column_text el_class=&#8221;portfolio-product-name&#8221; css=&#8221;.vc_custom_1761570465435{padding-left: 15px !important;}&#8221;] Pêra-Manca red 2019 DOC Alentejo – Évora [/vc_column_text][/vc_column_inner][/vc_row_inner][vc_row_inner row_type=&#8221;row&#8221; type=&#8221;full_width&#8221;&#8230;</p>
